{"id":2538,"date":"2024-09-13T15:50:52","date_gmt":"2024-09-13T13:50:52","guid":{"rendered":"https:\/\/ai-industry.eu\/?page_id=2538"},"modified":"2024-10-16T09:59:12","modified_gmt":"2024-10-16T07:59:12","slug":"article-data-news","status":"publish","type":"page","link":"https:\/\/ai-industry.eu\/index.php\/article-data-news\/","title":{"rendered":"Article Data News : OpenAI lance o1"},"content":{"rendered":"\t\t<div data-elementor-type=\"wp-page\" data-elementor-id=\"2538\" class=\"elementor elementor-2538\" data-elementor-post-type=\"page\">\n\t\t\t\t<div class=\"elementor-element elementor-element-11a4d96c e-flex e-con-boxed e-con e-parent\" data-id=\"11a4d96c\" data-element_type=\"container\" data-settings=\"{&quot;background_background&quot;:&quot;classic&quot;}\">\n\t\t\t\t\t<div class=\"e-con-inner\">\n\t\t<div class=\"elementor-element elementor-element-1dffb7a3 e-con-full e-flex e-con e-child\" data-id=\"1dffb7a3\" data-element_type=\"container\">\n\t\t\t\t<div class=\"elementor-element elementor-element-d63aa5b elementor-widget elementor-widget-heading\" data-id=\"d63aa5b\" data-element_type=\"widget\" data-widget_type=\"heading.default\">\n\t\t\t\t<div class=\"elementor-widget-container\">\n\t\t\t\t\t<h1 class=\"elementor-heading-title elementor-size-default\">OpenAI lance o1, un mod\u00e8le d\u2019IA dou\u00e9 de \u2018raison<\/h1>\t\t\t\t<\/div>\n\t\t\t\t<\/div>\n\t\t\t\t<div class=\"elementor-element elementor-element-6a050f4 elementor-widget elementor-widget-text-editor\" data-id=\"6a050f4\" data-element_type=\"widget\" data-widget_type=\"text-editor.default\">\n\t\t\t\t<div class=\"elementor-widget-container\">\n\t\t\t\t\t\t\t\t\t<p>OpenAI, le cr\u00e9ateur de ChatGPT, a lanc\u00e9 jeudi o1, un mod\u00e8le d\u2019intelligence artificielle (IA) g\u00e9n\u00e9rative d\u2019un nouveau genre, capable de raisonner et de r\u00e9pondre \u00e0 des questions plus complexes, notamment math\u00e9matiques, esp\u00e9rant ainsi r\u00e9duire le risque d\u2019hallucinations.<\/p><p>Source : DataNews<\/p>\t\t\t\t\t\t\t\t<\/div>\n\t\t\t\t<\/div>\n\t\t\t\t<div class=\"elementor-element elementor-element-3e1ff792 elementor-mobile-align-center elementor-widget elementor-widget-button\" data-id=\"3e1ff792\" data-element_type=\"widget\" data-widget_type=\"button.default\">\n\t\t\t\t<div class=\"elementor-widget-container\">\n\t\t\t\t\t\t\t\t\t<div class=\"elementor-button-wrapper\">\n\t\t\t\t\t<a class=\"elementor-button elementor-button-link elementor-size-sm\" href=\"https:\/\/datanews.levif.be\/actualite\/innovation\/ai-robotique\/openai-lance-o1-un-modele-dia-doue-de-raison\/?cel_hash=5faa0173c4111a936abfb9f7f153956e50f344eb&#038;chts=1726232086&#038;utm_source=Newsletter-20240913&#038;utm_medium=Email&#038;utm_campaign=Newsletter-RNBDATANFR\">\n\t\t\t\t\t\t<span class=\"elementor-button-content-wrapper\">\n\t\t\t\t\t\t\t\t\t<span class=\"elementor-button-text\">Lire l'article<\/span>\n\t\t\t\t\t<\/span>\n\t\t\t\t\t<\/a>\n\t\t\t\t<\/div>\n\t\t\t\t\t\t\t\t<\/div>\n\t\t\t\t<\/div>\n\t\t\t\t<\/div>\n\t\t<div class=\"elementor-element elementor-element-37ea949a e-con-full e-flex e-con e-child\" data-id=\"37ea949a\" data-element_type=\"container\">\n\t\t\t\t<div class=\"elementor-element elementor-element-3bd80cfb elementor-widget elementor-widget-image\" data-id=\"3bd80cfb\" data-element_type=\"widget\" data-widget_type=\"image.default\">\n\t\t\t\t<div class=\"elementor-widget-container\">\n\t\t\t\t\t\t\t\t\t\t\t\t\t\t\t<img fetchpriority=\"high\" decoding=\"async\" width=\"962\" height=\"503\" src=\"https:\/\/ai-industry.eu\/wp-content\/uploads\/2024\/09\/unnamed-file-jpg.webp\" class=\"attachment-large size-large wp-image-2543\" alt=\"\" srcset=\"https:\/\/ai-industry.eu\/wp-content\/uploads\/2024\/09\/unnamed-file-jpg.webp 962w, https:\/\/ai-industry.eu\/wp-content\/uploads\/2024\/09\/unnamed-file-jpg-300x157.webp 300w, https:\/\/ai-industry.eu\/wp-content\/uploads\/2024\/09\/unnamed-file-jpg-768x402.webp 768w, https:\/\/ai-industry.eu\/wp-content\/uploads\/2024\/09\/unnamed-file-jpg-600x314.webp 600w\" sizes=\"(max-width: 962px) 100vw, 962px\" \/>\t\t\t\t\t\t\t\t\t\t\t\t\t\t\t<\/div>\n\t\t\t\t<\/div>\n\t\t\t\t<\/div>\n\t\t\t\t\t<\/div>\n\t\t\t\t<\/div>\n\t\t\t\t<\/div>\n\t\t","protected":false},"excerpt":{"rendered":"<p>OpenAI lance o1, un mod\u00e8le d\u2019IA dou\u00e9 de \u2018raison OpenAI, le cr\u00e9ateur de ChatGPT, a lanc\u00e9 jeudi o1, un mod\u00e8le d\u2019intelligence artificielle (IA) g\u00e9n\u00e9rative d\u2019un nouveau genre, capable de raisonner et de r\u00e9pondre \u00e0 des questions plus complexes, notamment math\u00e9matiques, esp\u00e9rant ainsi r\u00e9duire le risque d\u2019hallucinations. Lire l&rsquo;article<\/p>\n","protected":false},"author":1,"featured_media":0,"parent":0,"menu_order":0,"comment_status":"closed","ping_status":"closed","template":"","meta":{"footnotes":""},"class_list":["post-2538","page","type-page","status-publish","hentry"],"blocksy_meta":[],"yoast_head":"<!-- This site is optimized with the Yoast SEO plugin v27.3 - https:\/\/yoast.com\/product\/yoast-seo-wordpress\/ -->\n<title>Article Data News : OpenAI lance o1 - AI&amp;INDUSTRY<\/title>\n<meta name=\"robots\" content=\"index, follow, max-snippet:-1, max-image-preview:large, max-video-preview:-1\" \/>\n<link rel=\"canonical\" href=\"https:\/\/ai-industry.eu\/index.php\/article-data-news\/\" \/>\n<meta property=\"og:locale\" content=\"fr_FR\" \/>\n<meta property=\"og:type\" content=\"article\" \/>\n<meta property=\"og:title\" content=\"Article Data News : OpenAI lance o1 - AI&amp;INDUSTRY\" \/>\n<meta property=\"og:description\" content=\"OpenAI lance o1, un mod\u00e8le d\u2019IA dou\u00e9 de \u2018raison OpenAI, le cr\u00e9ateur de ChatGPT, a lanc\u00e9 jeudi o1, un mod\u00e8le d\u2019intelligence artificielle (IA) g\u00e9n\u00e9rative d\u2019un nouveau genre, capable de raisonner et de r\u00e9pondre \u00e0 des questions plus complexes, notamment math\u00e9matiques, esp\u00e9rant ainsi r\u00e9duire le risque d\u2019hallucinations. Lire l&rsquo;article\" \/>\n<meta property=\"og:url\" content=\"https:\/\/ai-industry.eu\/index.php\/article-data-news\/\" \/>\n<meta property=\"og:site_name\" content=\"AI&amp;INDUSTRY\" \/>\n<meta property=\"article:modified_time\" content=\"2024-10-16T07:59:12+00:00\" \/>\n<meta property=\"og:image\" content=\"https:\/\/ai-industry.eu\/wp-content\/uploads\/2024\/09\/unnamed-file-jpg.webp\" \/>\n\t<meta property=\"og:image:width\" content=\"962\" \/>\n\t<meta property=\"og:image:height\" content=\"503\" \/>\n\t<meta property=\"og:image:type\" content=\"image\/webp\" \/>\n<meta name=\"twitter:card\" content=\"summary_large_image\" \/>\n<meta name=\"twitter:label1\" content=\"Dur\u00e9e de lecture estim\u00e9e\" \/>\n\t<meta name=\"twitter:data1\" content=\"1 minute\" \/>\n<script type=\"application\/ld+json\" class=\"yoast-schema-graph\">{\"@context\":\"https:\\\/\\\/schema.org\",\"@graph\":[{\"@type\":\"WebPage\",\"@id\":\"https:\\\/\\\/ai-industry.eu\\\/index.php\\\/article-data-news\\\/\",\"url\":\"https:\\\/\\\/ai-industry.eu\\\/index.php\\\/article-data-news\\\/\",\"name\":\"Article Data News : OpenAI lance o1 - AI&amp;INDUSTRY\",\"isPartOf\":{\"@id\":\"https:\\\/\\\/ai-industry.eu\\\/#website\"},\"primaryImageOfPage\":{\"@id\":\"https:\\\/\\\/ai-industry.eu\\\/index.php\\\/article-data-news\\\/#primaryimage\"},\"image\":{\"@id\":\"https:\\\/\\\/ai-industry.eu\\\/index.php\\\/article-data-news\\\/#primaryimage\"},\"thumbnailUrl\":\"http:\\\/\\\/ai-industry.eu\\\/wp-content\\\/uploads\\\/2024\\\/09\\\/unnamed-file-jpg.webp\",\"datePublished\":\"2024-09-13T13:50:52+00:00\",\"dateModified\":\"2024-10-16T07:59:12+00:00\",\"breadcrumb\":{\"@id\":\"https:\\\/\\\/ai-industry.eu\\\/index.php\\\/article-data-news\\\/#breadcrumb\"},\"inLanguage\":\"fr-FR\",\"potentialAction\":[{\"@type\":\"ReadAction\",\"target\":[\"https:\\\/\\\/ai-industry.eu\\\/index.php\\\/article-data-news\\\/\"]}]},{\"@type\":\"ImageObject\",\"inLanguage\":\"fr-FR\",\"@id\":\"https:\\\/\\\/ai-industry.eu\\\/index.php\\\/article-data-news\\\/#primaryimage\",\"url\":\"http:\\\/\\\/ai-industry.eu\\\/wp-content\\\/uploads\\\/2024\\\/09\\\/unnamed-file-jpg.webp\",\"contentUrl\":\"http:\\\/\\\/ai-industry.eu\\\/wp-content\\\/uploads\\\/2024\\\/09\\\/unnamed-file-jpg.webp\"},{\"@type\":\"BreadcrumbList\",\"@id\":\"https:\\\/\\\/ai-industry.eu\\\/index.php\\\/article-data-news\\\/#breadcrumb\",\"itemListElement\":[{\"@type\":\"ListItem\",\"position\":1,\"name\":\"Accueil\",\"item\":\"https:\\\/\\\/ai-industry.eu\\\/\"},{\"@type\":\"ListItem\",\"position\":2,\"name\":\"Article Data News : OpenAI lance o1\"}]},{\"@type\":\"WebSite\",\"@id\":\"https:\\\/\\\/ai-industry.eu\\\/#website\",\"url\":\"https:\\\/\\\/ai-industry.eu\\\/\",\"name\":\"AI&Industry\",\"description\":\"\",\"publisher\":{\"@id\":\"https:\\\/\\\/ai-industry.eu\\\/#organization\"},\"alternateName\":\"AIFORUM\",\"potentialAction\":[{\"@type\":\"SearchAction\",\"target\":{\"@type\":\"EntryPoint\",\"urlTemplate\":\"https:\\\/\\\/ai-industry.eu\\\/?s={search_term_string}\"},\"query-input\":{\"@type\":\"PropertyValueSpecification\",\"valueRequired\":true,\"valueName\":\"search_term_string\"}}],\"inLanguage\":\"fr-FR\"},{\"@type\":\"Organization\",\"@id\":\"https:\\\/\\\/ai-industry.eu\\\/#organization\",\"name\":\"AI&Industry\",\"url\":\"https:\\\/\\\/ai-industry.eu\\\/\",\"logo\":{\"@type\":\"ImageObject\",\"inLanguage\":\"fr-FR\",\"@id\":\"https:\\\/\\\/ai-industry.eu\\\/#\\\/schema\\\/logo\\\/image\\\/\",\"url\":\"https:\\\/\\\/ai-industry.eu\\\/wp-content\\\/uploads\\\/2024\\\/03\\\/cropped-AII-6-01.png\",\"contentUrl\":\"https:\\\/\\\/ai-industry.eu\\\/wp-content\\\/uploads\\\/2024\\\/03\\\/cropped-AII-6-01.png\",\"width\":250,\"height\":150,\"caption\":\"AI&Industry\"},\"image\":{\"@id\":\"https:\\\/\\\/ai-industry.eu\\\/#\\\/schema\\\/logo\\\/image\\\/\"},\"sameAs\":[\"https:\\\/\\\/www.linkedin.com\\\/company\\\/18145186\\\/admin\\\/feed\\\/posts\\\/\",\"https:\\\/\\\/www.instagram.com\\\/markcom.event\\\/\"]}]}<\/script>\n<!-- \/ Yoast SEO plugin. -->","yoast_head_json":{"title":"Article Data News : OpenAI lance o1 - AI&amp;INDUSTRY","robots":{"index":"index","follow":"follow","max-snippet":"max-snippet:-1","max-image-preview":"max-image-preview:large","max-video-preview":"max-video-preview:-1"},"canonical":"https:\/\/ai-industry.eu\/index.php\/article-data-news\/","og_locale":"fr_FR","og_type":"article","og_title":"Article Data News : OpenAI lance o1 - AI&amp;INDUSTRY","og_description":"OpenAI lance o1, un mod\u00e8le d\u2019IA dou\u00e9 de \u2018raison OpenAI, le cr\u00e9ateur de ChatGPT, a lanc\u00e9 jeudi o1, un mod\u00e8le d\u2019intelligence artificielle (IA) g\u00e9n\u00e9rative d\u2019un nouveau genre, capable de raisonner et de r\u00e9pondre \u00e0 des questions plus complexes, notamment math\u00e9matiques, esp\u00e9rant ainsi r\u00e9duire le risque d\u2019hallucinations. Lire l&rsquo;article","og_url":"https:\/\/ai-industry.eu\/index.php\/article-data-news\/","og_site_name":"AI&amp;INDUSTRY","article_modified_time":"2024-10-16T07:59:12+00:00","og_image":[{"width":962,"height":503,"url":"https:\/\/ai-industry.eu\/wp-content\/uploads\/2024\/09\/unnamed-file-jpg.webp","type":"image\/webp"}],"twitter_card":"summary_large_image","twitter_misc":{"Dur\u00e9e de lecture estim\u00e9e":"1 minute"},"schema":{"@context":"https:\/\/schema.org","@graph":[{"@type":"WebPage","@id":"https:\/\/ai-industry.eu\/index.php\/article-data-news\/","url":"https:\/\/ai-industry.eu\/index.php\/article-data-news\/","name":"Article Data News : OpenAI lance o1 - AI&amp;INDUSTRY","isPartOf":{"@id":"https:\/\/ai-industry.eu\/#website"},"primaryImageOfPage":{"@id":"https:\/\/ai-industry.eu\/index.php\/article-data-news\/#primaryimage"},"image":{"@id":"https:\/\/ai-industry.eu\/index.php\/article-data-news\/#primaryimage"},"thumbnailUrl":"http:\/\/ai-industry.eu\/wp-content\/uploads\/2024\/09\/unnamed-file-jpg.webp","datePublished":"2024-09-13T13:50:52+00:00","dateModified":"2024-10-16T07:59:12+00:00","breadcrumb":{"@id":"https:\/\/ai-industry.eu\/index.php\/article-data-news\/#breadcrumb"},"inLanguage":"fr-FR","potentialAction":[{"@type":"ReadAction","target":["https:\/\/ai-industry.eu\/index.php\/article-data-news\/"]}]},{"@type":"ImageObject","inLanguage":"fr-FR","@id":"https:\/\/ai-industry.eu\/index.php\/article-data-news\/#primaryimage","url":"http:\/\/ai-industry.eu\/wp-content\/uploads\/2024\/09\/unnamed-file-jpg.webp","contentUrl":"http:\/\/ai-industry.eu\/wp-content\/uploads\/2024\/09\/unnamed-file-jpg.webp"},{"@type":"BreadcrumbList","@id":"https:\/\/ai-industry.eu\/index.php\/article-data-news\/#breadcrumb","itemListElement":[{"@type":"ListItem","position":1,"name":"Accueil","item":"https:\/\/ai-industry.eu\/"},{"@type":"ListItem","position":2,"name":"Article Data News : OpenAI lance o1"}]},{"@type":"WebSite","@id":"https:\/\/ai-industry.eu\/#website","url":"https:\/\/ai-industry.eu\/","name":"AI&Industry","description":"","publisher":{"@id":"https:\/\/ai-industry.eu\/#organization"},"alternateName":"AIFORUM","potentialAction":[{"@type":"SearchAction","target":{"@type":"EntryPoint","urlTemplate":"https:\/\/ai-industry.eu\/?s={search_term_string}"},"query-input":{"@type":"PropertyValueSpecification","valueRequired":true,"valueName":"search_term_string"}}],"inLanguage":"fr-FR"},{"@type":"Organization","@id":"https:\/\/ai-industry.eu\/#organization","name":"AI&Industry","url":"https:\/\/ai-industry.eu\/","logo":{"@type":"ImageObject","inLanguage":"fr-FR","@id":"https:\/\/ai-industry.eu\/#\/schema\/logo\/image\/","url":"https:\/\/ai-industry.eu\/wp-content\/uploads\/2024\/03\/cropped-AII-6-01.png","contentUrl":"https:\/\/ai-industry.eu\/wp-content\/uploads\/2024\/03\/cropped-AII-6-01.png","width":250,"height":150,"caption":"AI&Industry"},"image":{"@id":"https:\/\/ai-industry.eu\/#\/schema\/logo\/image\/"},"sameAs":["https:\/\/www.linkedin.com\/company\/18145186\/admin\/feed\/posts\/","https:\/\/www.instagram.com\/markcom.event\/"]}]}},"_links":{"self":[{"href":"https:\/\/ai-industry.eu\/index.php\/wp-json\/wp\/v2\/pages\/2538","targetHints":{"allow":["GET"]}}],"collection":[{"href":"https:\/\/ai-industry.eu\/index.php\/wp-json\/wp\/v2\/pages"}],"about":[{"href":"https:\/\/ai-industry.eu\/index.php\/wp-json\/wp\/v2\/types\/page"}],"author":[{"embeddable":true,"href":"https:\/\/ai-industry.eu\/index.php\/wp-json\/wp\/v2\/users\/1"}],"replies":[{"embeddable":true,"href":"https:\/\/ai-industry.eu\/index.php\/wp-json\/wp\/v2\/comments?post=2538"}],"version-history":[{"count":10,"href":"https:\/\/ai-industry.eu\/index.php\/wp-json\/wp\/v2\/pages\/2538\/revisions"}],"predecessor-version":[{"id":2566,"href":"https:\/\/ai-industry.eu\/index.php\/wp-json\/wp\/v2\/pages\/2538\/revisions\/2566"}],"wp:attachment":[{"href":"https:\/\/ai-industry.eu\/index.php\/wp-json\/wp\/v2\/media?parent=2538"}],"curies":[{"name":"wp","href":"https:\/\/api.w.org\/{rel}","templated":true}]}}